{"id":806,"date":"2023-04-13T13:47:53","date_gmt":"2023-04-13T13:47:53","guid":{"rendered":"https:\/\/womencourage.acm.org\/2023\/?page_id=806"},"modified":"2023-06-05T17:08:03","modified_gmt":"2023-06-05T17:08:03","slug":"workshop-evaluation-committee","status":"publish","type":"page","link":"https:\/\/womencourage.acm.org\/2023\/our-team\/workshop-evaluation-committee\/","title":{"rendered":"Workshop evaluation committee"},"content":{"rendered":"<p>Angelika Kaplan &#8211; Karlsruhe Institute of Technology (KIT), Germany<br \/>\nBet\u00fcl Ayd\u0131n &#8211; S\u00fcleyman Demirel \u00dcniversitesi (SDU), Turkey<br \/>\nGy\u00f6ngyi Bujdos\u00f3 &#8211; University of Debrecen (UniDeb), Hungary<br \/>\nLili Nemec Zlatolas &#8211; Univerza v Mariboru (UM), Slovenia<br \/>\nMonica Landoni &#8211; Universit\u00e0 della Svizzera Italiana (USI), Switzerland<br \/>\nPaloma Diaz &#8211; Universidad Carlos III de Madrid (UC3M), Spain<br \/>\nSuela Maxhelaku &#8211; University of Tirana (UniTir), Albania<\/p>\n","protected":false},"excerpt":{"rendered":"<p>Angelika Kaplan &#8211; Karlsruhe Institute of Technology (KIT), Germany Bet\u00fcl Ayd\u0131n &#8211; S\u00fcleyman Demirel \u00dcniversitesi (SDU), Turkey Gy\u00f6ngyi Bujdos\u00f3 &#8211; University of Debrecen (UniDeb), Hungary Lili Nemec Zlatolas &#8211; Univerza v Mariboru (UM), Slovenia Monica Landoni &#8211; Universit\u00e0 della Svizzera Italiana (USI), Switzerland Paloma Diaz &#8211; Universidad Carlos III de Madrid (UC3M), Spain Suela Maxhelaku [&hellip;]<\/p>\n","protected":false},"author":2,"featured_media":0,"parent":66,"menu_order":0,"comment_status":"closed","ping_status":"closed","template":"","meta":{"footnotes":""},"class_list":["post-806","page","type-page","status-publish","hentry"],"_links":{"self":[{"href":"https:\/\/womencourage.acm.org\/2023\/wp-json\/wp\/v2\/pages\/806","targetHints":{"allow":["GET"]}}],"collection":[{"href":"https:\/\/womencourage.acm.org\/2023\/wp-json\/wp\/v2\/pages"}],"about":[{"href":"https:\/\/womencourage.acm.org\/2023\/wp-json\/wp\/v2\/types\/page"}],"author":[{"embeddable":true,"href":"https:\/\/womencourage.acm.org\/2023\/wp-json\/wp\/v2\/users\/2"}],"replies":[{"embeddable":true,"href":"https:\/\/womencourage.acm.org\/2023\/wp-json\/wp\/v2\/comments?post=806"}],"version-history":[{"count":2,"href":"https:\/\/womencourage.acm.org\/2023\/wp-json\/wp\/v2\/pages\/806\/revisions"}],"predecessor-version":[{"id":934,"href":"https:\/\/womencourage.acm.org\/2023\/wp-json\/wp\/v2\/pages\/806\/revisions\/934"}],"up":[{"embeddable":true,"href":"https:\/\/womencourage.acm.org\/2023\/wp-json\/wp\/v2\/pages\/66"}],"wp:attachment":[{"href":"https:\/\/womencourage.acm.org\/2023\/wp-json\/wp\/v2\/media?parent=806"}],"curies":[{"name":"wp","href":"https:\/\/api.w.org\/{rel}","templated":true}]}}