{"id":329,"date":"2021-08-24T15:29:28","date_gmt":"2021-08-24T15:29:28","guid":{"rendered":"https:\/\/womencourage.acm.org\/2021\/?page_id=329"},"modified":"2021-09-21T08:06:36","modified_gmt":"2021-09-21T08:06:36","slug":"supporters-and-partners","status":"publish","type":"page","link":"https:\/\/womencourage.acm.org\/2021\/supporters-and-partners\/","title":{"rendered":"Supporters and Partners"},"content":{"rendered":"\n<div class=\"wp-block-image\"><figure class=\"aligncenter size-large is-resized\"><img loading=\"lazy\" src=\"https:\/\/womencourage.acm.org\/2021\/wp-content\/uploads\/2021\/07\/sigchi-logo.png\" alt=\"\" class=\"wp-image-962\" width=\"351\" height=\"77\" srcset=\"https:\/\/womencourage.acm.org\/2021\/wp-content\/uploads\/2021\/07\/sigchi-logo.png 752w, https:\/\/womencourage.acm.org\/2021\/wp-content\/uploads\/2021\/07\/sigchi-logo-300x66.png 300w\" sizes=\"(max-width: 351px) 100vw, 351px\" \/><\/figure><\/div>\n\n\n\n<blockquote class=\"wp-block-quote\"><p>ACM SIGCHI is the leading international community of professionals interested in research, education and the practical application of human-computer interaction. We enable our members to create and shape how people interact with technology and understand how technologies have an impact in people\u2019s lives.<br><strong>SIGCHI Vision<\/strong><br>We aim to enhance our members\u2019 ability to innovate and understand technologies for the greater public good.<br><strong>SIGCHI Mission<\/strong><br>ACM SIGCHI facilitates an environment where its members can invent and develop novel technologies and tools, explore how technology impacts people\u2019s lives, inform public policy, and design new interaction techniques and interfaces. We are an interdisciplinary field comprised of academics, practitioners, and educators, and we welcome a variety of approaches to solve these complex problems. The mission of ACM SIGCHI is to support the professional growth of its members who are interested in how people interact with technologies and how technology changes society.<br><strong>Who are members of SIGCHI?<\/strong><br>Many of our members are involved in the design, implementation, and use of interactive computer-based systems in the broadest sense, ranging from desktop computing, to interactive TV devices. Other members are researchers seeking to understand human-technology interface from many perspectives, including psychology, sociology, anthropology, industrial design, and ergonomics. Still others are educators, training tomorrow\u2019s professionals and providing knowledge of HCI to those who might need it within their own profession. Students also take an active part in SIGCHI and enjoy a number of services designed specifically to meet their needs.<br><strong>Why should I join SIGCHI?<\/strong><br>Join SIGCHI to open the door to a wealth of HCI resources and people. We provide a connection to colleagues around the world through the SIGCHI web site, email lists, the annual CHI conference, co-sponsored conferences, and a range of publications essential to keeping you up-to-date.<\/p><\/blockquote>\n\n\n\n<div class=\"wp-block-image\"><figure class=\"aligncenter size-large is-resized\"><img loading=\"lazy\" src=\"https:\/\/womencourage.acm.org\/2021\/wp-content\/uploads\/2021\/07\/barclays-logo.png\" alt=\"\" class=\"wp-image-960\" width=\"321\" height=\"70\" srcset=\"https:\/\/womencourage.acm.org\/2021\/wp-content\/uploads\/2021\/07\/barclays-logo.png 752w, https:\/\/womencourage.acm.org\/2021\/wp-content\/uploads\/2021\/07\/barclays-logo-300x66.png 300w\" sizes=\"(max-width: 321px) 100vw, 321px\" \/><\/figure><\/div>\n\n\n\n<blockquote class=\"wp-block-quote\"><p>We\u2019re more than a bank. More than a group of colleagues. We\u2019re a tech-first financial organisation, a community of skilled developers. And, we\u2019re passionate about the future.<br>With over 300 years of tradition and 80 thousand employees, we are one of the largest bank companies in the world. Since 2008 our Technology Centre in Prague has grown to become a strategic location for development, testing, and application management, primarily servicing our Investment Banking division.<br>Supporting women in IT is very important to us, we are a partner of 3 different organizations focused on the development of women in IT. Our goal is to provide all assistance, whether in the field of education from our coaches or mentors, or in the case of providing spaces for teaching or other activities. Our Early Careers program aims to support and train technology students, graduates or apprentices who decided to change their career towards IT. Prague Graduate and Apprenticeship programme is highly focused on female talent.<\/p><\/blockquote>\n\n\n\n<div class=\"wp-block-image\"><figure class=\"aligncenter size-large is-resized\"><img loading=\"lazy\" src=\"https:\/\/womencourage.acm.org\/2021\/wp-content\/uploads\/2021\/07\/skoda-logo.png\" alt=\"\" class=\"wp-image-963\" width=\"323\" height=\"71\" srcset=\"https:\/\/womencourage.acm.org\/2021\/wp-content\/uploads\/2021\/07\/skoda-logo.png 752w, https:\/\/womencourage.acm.org\/2021\/wp-content\/uploads\/2021\/07\/skoda-logo-300x66.png 300w\" sizes=\"(max-width: 323px) 100vw, 323px\" \/><\/figure><\/div>\n\n\n\n<blockquote class=\"wp-block-quote\"><p><strong>\u0160KODA AUTO a.s.<\/strong><br>Did you know, that the \u0160kodovka, as we dearly call our company, is not merely about manufacturing cars but that there\u00b4s high-end and modern IT-equipment in each vehicle? We are not just the biggest Czech car manufacturer, which is by the way one of the three oldest car manufacturers in the world. <strong>\u0160KODA AUTO<\/strong> is increasingly becoming an IT company. The company\u00b4s site houses the largest private industrial data center in the Czech Republic reaching a computing capacity of 15 petaFLOPS, which corresponds to 15.000.000.000.000.000 computing operations per seconds and this capacity is being used, among others, for virtual reality, visualizations and simulations. Here at \u0160koda, you will find virtually all high-end IT technologies from most worldwide top manufacturers. 800 apps and systems for 18,000 users are being developed and operated here. \u0160koda has developed the software for some of these technologies itself. Apps for 50 countries are being developed here, the \u0160koda web is operated in 108 countries all over the world and as far as IT solutions are concerned, the \u0160KODA IT team supports more than 600 companies within the Volkswagen Group.<br>Yet \u0160koda\u00b4s success rests upon its great employees\u00b4 shoulders and upon their doing a great job \u2013 this is something \u0160koda is able to appropriately appreciate, which is one of the reasons why it has repeatedly become top employer of the year. Together with numerous benefits and advantages, the modern environment, professional approach, sensible work and the opportunity for professional growth will provide that you become a top expert in your field \u2013 beneath the wings of the famous \u0160koda arrow. Don\u00b4t miss this unique opportunity and become part of a modern high-tech company. Select from the wide variety of options available at www.skoda-kariera.cz\/IT.<\/p><\/blockquote>\n\n\n\n<div class=\"wp-block-image\"><figure class=\"aligncenter size-large is-resized\"><img loading=\"lazy\" src=\"https:\/\/womencourage.acm.org\/2021\/wp-content\/uploads\/2021\/07\/google-logo.png\" alt=\"\" class=\"wp-image-961\" width=\"337\" height=\"74\" srcset=\"https:\/\/womencourage.acm.org\/2021\/wp-content\/uploads\/2021\/07\/google-logo.png 752w, https:\/\/womencourage.acm.org\/2021\/wp-content\/uploads\/2021\/07\/google-logo-300x66.png 300w\" sizes=\"(max-width: 337px) 100vw, 337px\" \/><\/figure><\/div>\n\n\n\n<blockquote class=\"wp-block-quote\"><p>A problem isn\u2019t truly solved until it\u2019s solved for all. That\u2019s why Googlers build products that help create opportunities for everyone, whether down the street or across the globe.<br>It starts with how we work together. We\u2019re building a company where people of different views, backgrounds and experiences can do their best work and show up for one another. A place where every Googler feels like they belong.<br>So whether you develop new technology or creative campaigns, craft beautiful products or breakthrough partnerships, your work here is a chance to accomplish things that matter. Bring your insight, imagination, and healthy disregard for the impossible. Bring everything that makes you unique. Together, we can build for everyone.<\/p><\/blockquote>\n\n\n\n<div class=\"wp-block-image\"><figure class=\"aligncenter size-large is-resized\"><img loading=\"lazy\" src=\"https:\/\/womencourage.acm.org\/2021\/wp-content\/uploads\/2021\/09\/avast-logo.png\" alt=\"\" class=\"wp-image-1097\" width=\"390\" height=\"80\"\/><\/figure><\/div>\n\n\n\n<blockquote class=\"wp-block-quote\"><p><strong>Avast<\/strong> is a Czech multinational cybersecurity software company headquartered in Prague, Czech Republic that researches and develops computer security software, machine learning and artificial intelligence.<br>At Avast we fight for a safe, open, and fair digital world for everyone. The best way to bring about digital freedom for all is by reflecting the world around us. A diverse and inclusive team is essential to create and follow a vision for a better connected life for each and every one of us.<br>At <strong>Avast<\/strong> we look to support talent that traditionally has not always had the help needed to forge a career in science, technology, engineering, and mathematics (STEM). We partner with organizations and professional networks around the world so that curious minds from all backgrounds, whatever their gender or culture, have a better chance to follow their passion. Internally, we continually strive to improve our interview and development processes to ensure that everyone has a fair and equal chance to live their dream career.<br>Find out more:\u00a0<a rel=\"noreferrer noopener\" target=\"_blank\" href=\"https:\/\/www.avast.com\/diversity\">https:\/\/www.avast.com\/diversity<\/a><\/p><\/blockquote>\n\n\n\n<div class=\"wp-block-image\"><figure class=\"aligncenter size-large is-resized\"><img loading=\"lazy\" src=\"https:\/\/womencourage.acm.org\/2021\/wp-content\/uploads\/2021\/07\/Informatics_europe.png\" alt=\"\" class=\"wp-image-967\" width=\"355\" height=\"78\" srcset=\"https:\/\/womencourage.acm.org\/2021\/wp-content\/uploads\/2021\/07\/Informatics_europe.png 752w, https:\/\/womencourage.acm.org\/2021\/wp-content\/uploads\/2021\/07\/Informatics_europe-300x66.png 300w\" sizes=\"(max-width: 355px) 100vw, 355px\" \/><\/figure><\/div>\n\n\n\n<blockquote class=\"wp-block-quote\"><p><strong>Informatics Europe<\/strong> represents the public and private research community of informatics in Europe and neighbouring countries. Bringing together university departments, research laboratories and industry, it creates a strong common voice to safeguard and shape quality research and education in informatics in Europe. With over 150 member institutions across 34 countries, Informatics Europe promotes concerted positions and acts on shared priorities in the areas of education, research, knowledge transfer and social impact of informatics. As a non-profit membership association, Informatics Europe activities are mainly performed by scientist volunteers, who commit personally to promoting our mission and goals.<\/p><\/blockquote>\n\n\n\n<div class=\"wp-block-image\"><figure class=\"aligncenter size-large is-resized\"><img loading=\"lazy\" src=\"https:\/\/womencourage.acm.org\/2021\/wp-content\/uploads\/2021\/06\/jetbrains-logo.png\" alt=\"\" class=\"wp-image-837\" width=\"229\" height=\"85\"\/><\/figure><\/div>\n\n\n\n<blockquote class=\"wp-block-quote\"><p>At <strong>JetBrains<\/strong>, code is our passion. Ever since we started, back in 2000, we have strived to make the strongest, most effective developer tools on earth. By automating routine checks and corrections, our tools speed up production, freeing developers to grow, discover and create. <br><strong>Our Mission <br><\/strong>We make professional software development a more productive and enjoyable experience. <br>We help developers work faster by automating common, repetitive tasks to enable them to stay focused on code design and the big picture. We provide tools to explore and familiarize with code bases faster. Our products make it easy for you to take care of quality during all stages of development and spend less time on maintenance tasks.<\/p><\/blockquote>\n\n\n\n<div id=\"block-9845fc0c-34f0-4f2d-a538-e7505b730e87\" class=\"wp-block-image\"><figure class=\"aligncenter size-large is-resized\"><img loading=\"lazy\" src=\"https:\/\/womencourage.acm.org\/2021\/wp-content\/uploads\/2021\/08\/Honeywell.jpg\" alt=\"\" class=\"wp-image-991\" width=\"318\" height=\"70\" srcset=\"https:\/\/womencourage.acm.org\/2021\/wp-content\/uploads\/2021\/08\/Honeywell.jpg 752w, https:\/\/womencourage.acm.org\/2021\/wp-content\/uploads\/2021\/08\/Honeywell-300x66.jpg 300w\" sizes=\"(max-width: 318px) 100vw, 318px\" \/><\/figure><\/div>\n\n\n\n<blockquote class=\"wp-block-quote\"><p>At&nbsp;Honeywell, we believe the future is what we make it.<br><br>Located in the Czech Republic,&nbsp;<strong>Honeywell&nbsp;Technology Solutions<\/strong> (HTS) is the engineering, technology research, and development arm of&nbsp;Honeywell, a Fortune 100 diversified technology and manufacturing leader.<br>We offer a wide variety of job opportunities in Technology and R&amp;D, with a special focus on the divisions of Aerospace and Safety and Productivity Solutions.&nbsp;With its modern offices and laboratories, HTS operates as the company\u2019s largest European R&amp;D center.<br>More than 1100 professionals are working on projects that help make our world smarter, safer, and more sustainable.<br><br>Learn more:&nbsp;<a rel=\"noreferrer noopener\" target=\"_blank\" href=\"https:\/\/careers.honeywell.com\/brno\">https:\/\/careers.honeywell.com\/brno<\/a><\/p><\/blockquote>\n","protected":false},"excerpt":{"rendered":"<p>ACM SIGCHI is the leading international community of professionals interested in research, education and the practical application of human-computer interaction. We enable our members to create and shape how people interact with technology and understand how technologies have an impact in people\u2019s lives.SIGCHI VisionWe aim to enhance our members\u2019 ability to innovate and understand technologies [&hellip;]<\/p>\n","protected":false},"author":3,"featured_media":0,"parent":0,"menu_order":0,"comment_status":"closed","ping_status":"closed","template":"","meta":[],"_links":{"self":[{"href":"https:\/\/womencourage.acm.org\/2021\/wp-json\/wp\/v2\/pages\/329"}],"collection":[{"href":"https:\/\/womencourage.acm.org\/2021\/wp-json\/wp\/v2\/pages"}],"about":[{"href":"https:\/\/womencourage.acm.org\/2021\/wp-json\/wp\/v2\/types\/page"}],"author":[{"embeddable":true,"href":"https:\/\/womencourage.acm.org\/2021\/wp-json\/wp\/v2\/users\/3"}],"replies":[{"embeddable":true,"href":"https:\/\/womencourage.acm.org\/2021\/wp-json\/wp\/v2\/comments?post=329"}],"version-history":[{"count":10,"href":"https:\/\/womencourage.acm.org\/2021\/wp-json\/wp\/v2\/pages\/329\/revisions"}],"predecessor-version":[{"id":1103,"href":"https:\/\/womencourage.acm.org\/2021\/wp-json\/wp\/v2\/pages\/329\/revisions\/1103"}],"wp:attachment":[{"href":"https:\/\/womencourage.acm.org\/2021\/wp-json\/wp\/v2\/media?parent=329"}],"curies":[{"name":"wp","href":"https:\/\/api.w.org\/{rel}","templated":true}]}}