{"id":319,"date":"2021-01-18T15:38:38","date_gmt":"2021-01-18T15:38:38","guid":{"rendered":"https:\/\/womencourage.acm.org\/2021\/?page_id=319"},"modified":"2021-08-09T08:41:45","modified_gmt":"2021-08-09T08:41:45","slug":"poster-evaluation-committee","status":"publish","type":"page","link":"https:\/\/womencourage.acm.org\/2021\/poster-evaluation-committee\/","title":{"rendered":"Poster Evaluation Committee"},"content":{"rendered":"\n<h2>Poster Evaluation Committee<\/h2>\n\n\n\n<figure class=\"wp-block-table\"><table><tbody><tr><td><strong>Name<\/strong><\/td><td><strong>Affiliation<\/strong><\/td><\/tr><tr><td>Danielle Azar<\/td><td>Lebanese American University, Lebanon<\/td><\/tr><tr><td>Lejla Batina<\/td><td>Radboud University , The Netherlands<\/td><\/tr><tr><td>Zinaida Benenson<\/td><td>Friedrich-Alexander-Universit\u00e4t Erlangen-N\u00fcrnberg (FAU), Germany<\/td><\/tr><tr><td>Carmen Botella Mascarell<\/td><td>University of Valencia, Spain<\/td><\/tr><tr><td>Maike Buchin<\/td><td>Ruhr-Universit\u00e4t Bochum, Germany<\/td><\/tr><tr><td>Serena Cangiano<\/td><td>University of Applied Sciences and Arts of Southern Switzerland, Switzerland<\/td><\/tr><tr><td>Betty HC Cheng<\/td><td>Michigan State University, USA<\/td><\/tr><tr><td>Veronika Cheplygina<\/td><td>IT University , Denmark<\/td><\/tr><tr><td>Hana Chockler<\/td><td>King&#8217;s College London, UK<\/td><\/tr><tr><td>Michelle Chong<\/td><td>Eindhoven University of Technology, The Netherlands<\/td><\/tr><tr><td>Ezgi \u00c7i\u00e7ek<\/td><td>Facebook, UK<\/td><\/tr><tr><td>Annie Cuyt<\/td><td>University of Antwerp, Belgium<\/td><\/tr><tr><td>Dana Damian<\/td><td>University of Victoria, Canada<\/td><\/tr><tr><td>Francien Dechesne<\/td><td>Leiden University, The Netherlands<\/td><\/tr><tr><td>Sarah Jane Delaney<\/td><td>Technological University Dublin, Ireland<\/td><\/tr><tr><td>Anne Driemel<\/td><td>University of Bonn, Germany<\/td><\/tr><tr><td>Edith Elkind<\/td><td>University of Oxford, UK<\/td><\/tr><tr><td>Sofia Forslund<\/td><td>Max Delbr\u00fcck Center for Molecular Medicine, Germany<\/td><\/tr><tr><td>Alba Garc\u00eda Seco de Herrera<\/td><td>University of Essex, UK<\/td><\/tr><tr><td>Silvia Ghilezan<\/td><td>University of Novi Sad, Serbia<\/td><\/tr><tr><td>Orna Grumberg<\/td><td>Technion, Israel<\/td><\/tr><tr><td>Sonia Haiduc<\/td><td>Florida State University, USA<\/td><\/tr><tr><td>Faegheh Hasibi<\/td><td>Radboud University , The Netherlands&nbsp;<\/td><\/tr><tr><td>Clare Hooper<\/td><td>Independent Freelancer, Canada<\/td><\/tr><tr><td>Val\u00e9rie Issarny<\/td><td>INRIA, France<\/td><\/tr><tr><td>Gerti Kappel<\/td><td>TU Vienna, Austria<\/td><\/tr><tr><td>Ritu Kapur<\/td><td>University of Sannio, Italy<\/td><\/tr><tr><td>Ekaterina Kochmar<\/td><td>University of Cambridge, UK<\/td><\/tr><tr><td>Irina Kostitsyna<\/td><td>Eindhoven University of Technology, The Netherlands<\/td><\/tr><tr><td>Valentina Lenarduzzi<\/td><td>LUT University, FInland<\/td><\/tr><tr><td>Cynthia Liem<\/td><td>Delft University of Technology, The Netherlands<\/td><\/tr><tr><td>Irina Lomazova<\/td><td>Higher School of Economics, Russia<\/td><\/tr><tr><td>Delfina Malandrino<\/td><td>University of Salerno, Italy<\/td><\/tr><tr><td>Tiziana Margaria<\/td><td>University of Limerick, Ireland<\/td><\/tr><tr><td>Ernestina Menasalvas Ruiz<\/td><td>Technical University of Madrid, Spain<\/td><\/tr><tr><td>Lili Nemec Zlatolas<\/td><td>University of Maribor, Slovenia<\/td><\/tr><tr><td>Maria Nisheva Pavlova<\/td><td>Sofia University St. Kliment Ohridski, Bulgaria<\/td><\/tr><tr><td>Carolyn Penstein Rose<\/td><td>Carnegie Mellon University, USA<\/td><\/tr><tr><td>Ayushi Rastogi<\/td><td>University of Groningen, The Netherlands<\/td><\/tr><tr><td>Ita Richardson<\/td><td>University of Limerick, Ireland<\/td><\/tr><tr><td>Mary S\u00e1nchez-Gord\u00f3n<\/td><td>\u00d8stfold University College, Norway<\/td><\/tr><tr><td>Mirella Sangiovanni<\/td><td>Eindhoven University of Technology, The Netherlands<\/td><\/tr><tr><td>Federica Sarro<\/td><td>University College London, UK<\/td><\/tr><tr><td>Ute Schmid<\/td><td>University of Bamberg, Germany<\/td><\/tr><tr><td>Alexander Serebrenik<\/td><td>Eindhoven University of Technology, The Netherlands<\/td><\/tr><tr><td>Marija Slavkovik<\/td><td>University of Bergen, Norway<\/td><\/tr><tr><td>Olga Uryupina<\/td><td>University of Trento, Italy<\/td><\/tr><tr><td>Rineke Verbrugge<\/td><td>University of Groningen, The Netherlands<\/td><\/tr><tr><td>Melina Vidoni<\/td><td>RMIT University, School of Computing Technologies, Australia<\/td><\/tr><tr><td>Autilia Vitiello<\/td><td>University of Naples Federico II, Italy<\/td><\/tr><tr><td>Anna Wilbik<\/td><td>Maastricht University, The Netherlands<\/td><\/tr><tr><td>Danielle Wilde<\/td><td>University of Southern Denmark, Denmark<\/td><\/tr><tr><td>Yixue Zhao<\/td><td>University of Massachusetts Amherst, USA<\/td><\/tr><tr><td>Shurui Zhou<\/td><td>University of Toronto, Canada<\/td><\/tr><\/tbody><\/table><\/figure>\n","protected":false},"excerpt":{"rendered":"<p>Poster Evaluation Committee Name Affiliation Danielle Azar Lebanese American University, Lebanon Lejla Batina Radboud University , The Netherlands Zinaida Benenson Friedrich-Alexander-Universit\u00e4t Erlangen-N\u00fcrnberg (FAU), Germany Carmen Botella Mascarell University of Valencia, Spain Maike Buchin Ruhr-Universit\u00e4t Bochum, Germany Serena Cangiano University of Applied Sciences and Arts of Southern Switzerland, Switzerland Betty HC Cheng Michigan State University, USA [&hellip;]<\/p>\n","protected":false},"author":3,"featured_media":0,"parent":0,"menu_order":0,"comment_status":"closed","ping_status":"closed","template":"","meta":[],"_links":{"self":[{"href":"https:\/\/womencourage.acm.org\/2021\/wp-json\/wp\/v2\/pages\/319"}],"collection":[{"href":"https:\/\/womencourage.acm.org\/2021\/wp-json\/wp\/v2\/pages"}],"about":[{"href":"https:\/\/womencourage.acm.org\/2021\/wp-json\/wp\/v2\/types\/page"}],"author":[{"embeddable":true,"href":"https:\/\/womencourage.acm.org\/2021\/wp-json\/wp\/v2\/users\/3"}],"replies":[{"embeddable":true,"href":"https:\/\/womencourage.acm.org\/2021\/wp-json\/wp\/v2\/comments?post=319"}],"version-history":[{"count":7,"href":"https:\/\/womencourage.acm.org\/2021\/wp-json\/wp\/v2\/pages\/319\/revisions"}],"predecessor-version":[{"id":989,"href":"https:\/\/womencourage.acm.org\/2021\/wp-json\/wp\/v2\/pages\/319\/revisions\/989"}],"wp:attachment":[{"href":"https:\/\/womencourage.acm.org\/2021\/wp-json\/wp\/v2\/media?parent=319"}],"curies":[{"name":"wp","href":"https:\/\/api.w.org\/{rel}","templated":true}]}}